 = -1483 + x. Suppose 6*q + 341 = 3*i + q, 2*i = -2*q + t. What are the prime factors of i?
107
Suppose 0 = 2*u + 8, -5*t + 0*u = 2*u - 5057. Let b = t + -629. List the prime factors of b.
2, 3
What are the prime factors of (2139/6 + 0)/((-16)/(-32))?
23, 31
Suppose -2*a = -3*b - 0*a + 13, -3*b - 2*a = -17. Suppose 3*p - b*q - 1828 = 0, 4*p - 4*q = 1524 + 908. List the prime factors of p.
2, 3, 101
Let v = -75 - -78. Suppose v*a - 2*u - 1221 = 0, 0 = -3*a - a + 2*u + 1626. List the prime factors of a.
3, 5
Let i be 10 - (((-90)/80)/(1/(-8)) - 3). Let p(g) = -87*g - 1. Let c be p(-1). Suppose 209 = 3*d - 5*b, i*d + b - 208 - c = 0. List the prime factors of d.
73
Let q(n) = n**3 - 10*n**2 + 15*n + 27. Let w be q(8). Suppose 1548 = -w*c + 25621. What are the prime factors of c?
7, 181
Let b(a) = -1 - 4 + 6 + 37*a**2. Let d be b(-2). What are the prime factors of d/((-1)/(-2)*(4 + -2))?
149
Suppose -5*y - 174 = 141. Let v = y + 59. List the prime factors of (-3 - 0)*v/(48/308).
7, 11
Suppose 0 = -3*z + k + 918, -k - 306 = -3*z + 2*z. Suppose -z = -i - 53. What are the prime factors of i?
11, 23
Suppose l - 1821 = -4*c + 564, -4*l = -3*c + 1765. List the prime factors of c.
5, 7, 17
Suppose 0 = 8*r - 14*r - 750 + 5970. What are the prime factors of r?
2, 3, 5, 29
Suppose -3*r + 5*c + 80 = r, 0 = 2*c. Let a = 30 - r. Suppose -13*i = -a*i - 225. What are the prime factors of i?
3, 5
List the prime factors of (58/6 - (2 - -8)) + (-3146)/(-6).
2, 131
List the prime factors of 30/80 + 2029905/40.
2, 3, 4229
Let a(g) = 13977*g - 3665. List the prime factors of a(2).
107, 227
Let d = -7896 + 15164. What are the prime factors of d?
2, 23, 79
Let x = -1753 + 345. Let r = -1004 - x. Suppose -w + 3*m = -119, 4*w - 111 = -m + r. What are the prime factors of w?
2
Suppose -123940 = -2*m + 4*k, 3*m + 3*k - 67864 = 118082. What are the prime factors of m?
2, 7, 19, 233
Let m = 548 - 371. Suppose 3*v - 2*v - 57 = 5*a, -5*v - 2*a + m = 0. Suppose v = 2*w - 133. What are the prime factors of w?
5, 17
Suppose -48*v - 85*v = 18*v - 7762306. What are the prime factors of v?
2, 25703
Let a = 1641 - -689. Suppose 5*q - a = -5*o, 2*o + 1418 = 5*o - q. List the prime factors of o.
3, 157
Let a(h) = -h**2 - 8*h - 12. Let p be a(-3). Let f(d) = -d - 9 - 16 - 3*d - 16*d**2 - d**p. What are the prime factors of f(-16)?
3, 13
Suppose 48*r = 35*r + 249600. Suppose 12*h + 8*h = r. List the prime factors of h.
2, 3, 5
Let g(f) = -71*f**3 + 13*f**2 + 99*f + 69. List the prime factors of g(-10).
3, 7, 11, 103
Let y(f) = -2*f**2 + 16*f - 22. Let l be y(6). Suppose 4*t - 552 = t + 3*g, 0 = l*g. List the prime factors of t.
2, 23
Let x(h) = 4*h**3 - 14*h**2 - 50*h + 45. List the prime factors of x(19).
3, 7159
Suppose 44*j + 41448 = 20*j. Let s = -1090 - j. List the prime factors of s.
7, 13
Let x(f) = -f**2 + 13*f + 35. Let c be x(15). Suppose c*i = 4*i. Suppose i = 7*z - 125 - 204. What are the prime factors of z?
47
Let r = -27 + 37. Let w be 7305/25 - 2/r. Suppose 4*t = -s + 60, 0*s + w = 4*s + 3*t. List the prime factors of s.
2, 19
Let t be 599/11 + 180/330. Suppose -t*q = -64*q + 5463. List the prime factors of q.
607
Let n be 8/(-1)*-3*1/(-3). Let r(a) = -a**3 - 7*a**2 + 7*a - 8. Let w be r(n). Suppose w = d + 2*d - 159. List the prime factors of d.
53
Let d be (-755)/(-20)*(-24)/(-3). Suppose -85 - d = -3*u. List the prime factors of u.
3, 43
List the prime factors of 8905 + -2 - 13*(-28)/(-182).
3, 23, 43
Suppose 120 = 53*r - 57*r. Let j = r - -25. What are the prime factors of (0 - 2) + j + 67?
2, 3, 5
Let m(a) be the third derivative of a**5/10 + a**4/12 + 2*a**3/3 + 20*a**2. Let t be m(7). Suppose 0 = -7*w + 31 + t. What are the prime factors of w?
7
List the prime factors of -2*((-1015980)/40 - 21).
3, 7, 269
Suppose 4*p + 13*p - 68 = 0. Suppose -181 = -p*m + 1075. List the prime factors of m.
2, 157
Suppose -3*d - 1 = -7. Suppose 0 = -4*g + d*g - q + 8, -4*g + 12 = q. Suppose r - 7*m + g*m - 57 = 0, 4*m + 144 = 2*r. List the prime factors of r.
2, 41
Let r be (-159)/(-51) - (-14)/(-119). Suppose 2*d - 6*d - 1480 = -4*k, 735 = 2*k + r*d. List the prime factors of k.
3, 41
Let s(j) = 41*j**3 - 136*j**2 - 18*j + 16. What are the prime factors of s(10)?
2, 11, 619
Let y = 7382 - -34024. List the prime factors of y.
2, 3, 67, 103
Let i(m) = -2*m**2 + m + 1. Let k(g) = g**3 - 11*g**2 + 25*g + 40. Let j(b) = 4*i(b) - k(b). List the prime factors of j(-7).
601
Let k = 93 + -136. Let n = 69 + k. List the prime factors of (-6)/(-39) + (-1)/n*-386.
3, 5
Let y be (-8 - -6)/((-1)/2). Suppose z + 2*z = -x + 2420, 2*z + y*x - 1620 = 0. List the prime factors of z.
2, 13, 31
Let p be 3/12*-2*(-16 + 6). Suppose 404 = 4*k - p*r, 3*k + 5*r + 101 = 4*k. List the prime factors of k.
101
Let d = 1150 + 3540. What are the prime factors of d?
2, 5, 7, 67
Suppose -5*n - 5 = -4*k - 20, n + k - 3 = 0. Let f be (174/(-9))/(-1*n/(-45)). What are the prime factors of f/(-4) + 1*1/(-2)?
2, 3
Let v(p) = 542*p - 7. Let h be v(1). Let u be 4 + 0*(-1)/2. Suppose u*x = -i + h, -3*x + 2*i - 668 = -8*x. What are the prime factors of x?
2, 67
Let a = 145 + -143. Suppose a*z + n = 6*n + 128, 0 = -3*z - 3*n + 192. List the prime factors of z.
2
Let t be 8 - (-17)/((-34)/(-184)). Suppose 5*f - 2*f = 4*i - 80, -f = 5*i - t. What are the prime factors of i?
2, 5
Let z(a) = -31*a + 8784. List the prime factors of z(85).
11, 13, 43
Let u = 3759 - -4245. List the prime factors of u.
2, 3, 23, 29
What are the prime factors of 13348305/735 + 12/294?
11, 13, 127
Let p(m) = -33*m + 119. Let x be p(-3). Let i be (152*-1)/((-2)/(-2)). Let v = x + i. List the prime factors of v.
2, 3, 11
Suppose -2*m = -2*o + 66, -1 = -m - 4. Suppose o = 20*c - 18*c. Suppose -5*j - c = -190. What are the prime factors of j?
5, 7
Let w = -5639 - -36402. What are the prime factors of w?
30763
Let c(o) = 40*o + 4 - 16 - 56*o. Let t be c(6). Let k = 35 - t. What are the prime factors of k?
11, 13
Suppose 62469 + 62134 = 21*w + 44908. What are the prime factors of w?
3, 5, 11, 23
Suppose -46*k + 36*k + 80 = 0. List the prime factors of 5 + -11 + k + 1 + 465.
2, 3, 13
Let z(f) be the second derivative of f**5/60 - f**4/8 - f**3/2 + 9*f**2/2 - 13*f. Let k(q) be the first derivative of z(q). What are the prime factors of k(14)?
151
Let h(k) = k**2 + 2*k - 15. Let w be h(-11). What are the prime factors of -3*7/(w/(-7172))?
11, 163
List the prime factors of ((-3200)/(-1120))/(4/10122).
2, 3, 5, 241
Let p(i) be the first derivative of -87*i**2 + 53. List the prime factors of p(-6).
2, 3, 29
Let w = 16064 - 8605. List the prime factors of w.
7459
Suppose 869084 = 58*i - 344612 - 512558. List the prime factors of i.
3, 3307
Suppose 3*o - o = 4*o - 59922. What are the prime factors of o?
3, 3329
Let b = -51 - 8. Let d = 101 + b. Suppose -3*k - g = -4*k + d, -132 = -3*k + 5*g. List the prime factors of k.
3, 13
Let p = 512 + -313. Suppose 5*f + p + 11 = 0. What are the prime factors of (-6)/(-21) + (-240)/f?
2, 3
Suppose -4*k + 2*v + 26170 = -82534, 4*v - 108656 = -4*k. What are the prime factors of k?
2, 6793
Let s = -15 - -19. Let m(y) = -72*y - 1. Let w(l) = -217*l - 3. Let i(b) = s*w(b) - 11*m(b). What are the prime factors of i(-1)?
3, 5
Let d = -13360 - -13981. What are the prime factors of d?
3, 23
Let z(g) = 531*g + 918. List the prime factors of z(24).
2, 3, 11, 23
Suppose -4*h + 121868 = 5*v, -11147 = v - 5*h - 35480. List the prime factors of v.
2, 1523
Suppose -178*n + 93*n = -90*n + 9135. What are the prime factors of n?
3, 7, 29
Let o be 8/(-36) - (-2380)/18. Let s = o + 478. What are the prime factors of s?
2, 5, 61
Let h(a) = a + 3. Let z be h(5). Suppose 312 = -z*x - 320. Let m = x - -149. What are the prime factors of m?
2, 5, 7
Let c(w) = w**3 - 7*w**2 + 2*w - 6. Suppose 2*v - a - 34 = 142, a - 172 = -2*v. Let m be (-1)/4 + v/12. What are the prime factors of c(m)?
2
Suppose 0 = -0*r - 5*r + 25. Suppose -5*k = 4*y - 524, -3*k + 528 = 2*k + 3*y. Suppose 3*x - 4*g - k = -r*g, 2*g = -4*x + 142. List the prime factors of x.
37
Let a(v) = 141*v - 75. Let l = -630 + 636. What are the prime factors of a(l)?
3, 257
Suppose -2138 = -i + 3*d, -2*d + 680 = -i + 2823. What are the prime factors of i?
2153
Suppose 10374189 = -532*h + 819*h. L